6. Calculate the highest common factor of 9180 and a.
60
Let s = 2238 - 1977. What is the highest common factor of 54 and s?
9
Let t be 31459/4439 + 4/(-46). Calculate the highest common factor of t and 19.
1
Let a be (22/10 - 2/10) + -3. Let g be (120/96)/(a/(-8)). Calculate the highest common factor of 4 and g.
2
Suppose -4*j + 0*j - 32 = -4*c, j - 4 = -2*c. Suppose y - 59 = 175*k - 180*k, 32 = 3*k + 4*y. What is the highest common divisor of k and c?
4
Suppose 5*c = a - 8366, 116*c = 3*a + 119*c - 25170. What is the greatest common factor of 7 and a?
7
Suppose -4*y + 45 + 28 = 3*o, -3*y - 5*o + 41 = 0. Suppose -y = -4*n + 10. Let s = -2123 + 2163. What is the highest common divisor of n and s?
8
Let r(a) = -2*a**3 + 28*a**2 - 14*a + 1. Let y be r(13). Let u = y - 147. Let q be (1 + -11)/((-2)/22). What is the greatest common factor of q and u?
10
Suppose -6*p - 15 = -3*x - 3*p, 2*p - 6 = -2*x. Suppose 0 = -5*f - x*i + 128, 6 = -i + 8. What is the greatest common divisor of 588 and f?
12
Let x be (-2)/11 - (-2425)/(-275) - -1538. Calculate the greatest common divisor of x and 11.
11
Let g(b) = b - 2. Let s be g(7). Suppose -z + v - 11 = s*v, -4*z + 2*v + 46 = 0. Suppose 2*o = 25 + 47. What is the highest common factor of z and o?
9
Suppose 87 = x + 3*g, -4*g = 7*x - 4*x - 226. Calculate the highest common divisor of 5874 and x.
66
Suppose 0 = 58*p + 72*p - 107*p - 161. Calculate the highest common divisor of 2723 and p.
7
Let w(z) = z**2 + 5*z - 149. Let q be w(-15). Let n be ((-8)/q + 1)/((-55)/110). What is the highest common divisor of 77 and n?
7
Let g be 56/(-420) + (81884/(-30))/(-11). What is the highest common factor of g and 200?
8
Suppose -t = -2*g - g - 23, 5*t = -5*g + 95. Suppose 5*v + 6400 = 69*v. Calculate the greatest common divisor of t and v.
20
Let r(l) = 32*l**2 - 16*l - 18. Let x be r(9). Suppose 29*f - 19*f = x. Calculate the greatest common factor of f and 9.
9
Let c be ((19 - 17) + -38)*(-5)/4. What is the highest common factor of c and 45?
45
Let u be ((-6)/21)/(1/(-7)). Let t be 3 - (u - (4 + 5)). Suppose -2*w = -4*w + 140. What is the greatest common divisor of w and t?
10
Suppose s - 2*l = 3*l - 18, 0 = -s + 2*l - 6. Suppose 20*w + 48 = 22*w - s*b, 4*w - 76 = -b. What is the highest common divisor of 20 and w?
20
Let a = -35 - -35. Suppose a*i - 48 = -6*i. What is the greatest common factor of i and 1?
1
Suppose 21*v = 3832 + 28487. What is the highest common divisor of 19 and v?
19
Let k be (205/10 - (-5 - -13))*8. What is the greatest common divisor of k and 860?
20
Suppose 2*g = -8*g - 14*g + 3648. Calculate the highest common factor of 2812 and g.
76
Let k(b) = -6*b + 8 - 13*b + 12*b**2 - 8*b - b**3 + 16*b**2. Let z be k(27). Calculate the greatest common factor of 1 and z.
1
Suppose 55*a + 1208 = 59*a - 2*q, -5*a = -5*q - 1525. Suppose 0 = 5*o + 6 - 71. What is the highest common divisor of o and a?
13
Let h be -113 + 9/((-12)/(-4)). Let x = h + 169. What is the highest common divisor of 472 and x?
59
Let i = -6586 + 6591. Suppose -5*u + 576 + 14 = -5*h, 2*u + 5*h - 250 = 0. Suppose -45 = i*x - u. Calculate the greatest common factor of 135 and x.
15
Let u = 75 - -323. Let q = 64 + u. What is the greatest common factor of 42 and q?
42
Let t(d) = 2*d**2 + 6*d + 6. Let w be t(-7). Let z(p) = -24*p - 114. Let y be z(-6). Let g = w - y. Calculate the highest common divisor of 80 and g.
16
Suppose -375737 = -104*g - 66*g + 198353. Calculate the highest common divisor of g and 11.
11
Let x be (-4335474)/(-299) - (-6)/69. What is the highest common factor of 145 and x?
145
Suppose -36*c - 288 = -60*c. What is the highest common divisor of c and 582?
6
Let m be 103 + (-8 - 0) + 15. What is the highest common factor of 700 and m?
10
Let t(p) = -p**2 + 13*p - 14. Let i be (-2 + (-10)/(-10))*-1*10. Let x be t(i). Calculate the highest common factor of x and 464.
16
Suppose 24 = -22*b + 10*b. Let q be b/(12/45)*(-162)/5. Calculate the greatest common factor of q and 27.
27
Let c = 2 - -1. Suppose 2 = -c*j + 4*j. Let v be 32 - 0 - (-4)/j. Calculate the highest common divisor of 85 and v.
17
Suppose 0 = 2*f + 4*f + 42. Let k = f + 9. Suppose -6*p - h = -p - 851, 8 = -k*h. What is the greatest common divisor of p and 19?
19
Suppose 26*y - 9241 = 2251. Let u = y - 338. What is the greatest common factor of u and 104?
104
Let h be 8/(-6)*-3*1. Suppose 9*c - 402 + 375 = 0. Suppose -98 = -c*u + 5*q, -3*q + 53 = -5*u + 227. What is the highest common factor of u and h?
4
Let o(k) = -k**2 - 149*k + 468. Let p be o(3). What is the highest common divisor of p and 1872?
12
Suppose 16 = -5*y - 194. Let h = 146 + y. Let t be 4/18 - (h/18)/(-1). What is the highest common divisor of t and 3?
3
Suppose -131*y + 43297 = -6221. What is the highest common factor of 1026 and y?
54
Let h = -133 + 250. Suppose 3*a + 11*f = 19*f + 218, 0 = 4*a - 2*f - 308. What is the greatest common factor of a and h?
39
Let l = 442 + -130. Let z(k) = 61*k + 1549. Let i be z(-25). Calculate the greatest common factor of i and l.
24
Let a be 768/3*12/48. What is the greatest common factor of a and 1632?
32
Suppose -2*m - x + 5*x = -154, -251 = -3*m + x. Calculate the highest common factor of m and 884.
17
Suppose 78 = 11*v + 1. What is the highest common factor of v and 183?
1
Suppose -4*n + 887 = 2*w + 731, 21 = 3*n. What is the highest common divisor of 19008 and w?
64
Let r = 3112 - 3086. What is the highest common divisor of 34 and r?
2
Suppose 10*y + 3*y - 34773 - 51755 = 0. What is the greatest common factor of 208 and y?
208
Suppose 0 = -49*v + 15*v + 136 + 612. What is the greatest common divisor of 9746 and v?
22
Let v = 55 + -43. Let m be (-956)/(-40) + (2 - 133/70). Calculate the highest common factor of v and m.
12
Let n(w) = -3*w**3 - 5*w**2 + 21*w + 203. Let h be n(-10). What is the greatest common factor of 3047 and h?
277
Let d = 194 - 118. Let x be (2337/164)/(3/64). Calculate the greatest common divisor of x and d.
76
Suppose -5*g = 4*u - 6654, 0 = -2*g + g + 5*u + 1296. Calculate the highest common divisor of g and 546.
78
Let r(w) = 2*w**2 + 42*w - 21. Let k be r(-19). Let v = k + 99. Suppose a = -2*f + 194, 0*f + 484 = 5*f + v*a. Calculate the highest common divisor of f and 24.
24
Let q(m) = 3*m - 1. Let b be q(1). Let a(h) = -115*h + 165. Let s be a(9). Let o = 884 + s. Calculate the highest common divisor of o and b.
2
Let n(f) = 306*f**2 + 99*f + 190. Let y be n(-2). What is the greatest common divisor of y and 4408?
152
Suppose 19*w - 15*w + 12 = 0, 3*w = -4*b + 10671. Calculate the highest common divisor of b and 30.
30
Let n(v) = 2*v - 2. Let x be n(6). Suppose -32*d + 3899 + 1157 = 0. Let s = 228 - d. Calculate the highest common factor of s and x.
10
Let c be (-7)/(4/(-8)*12/6)*7. What is the greatest common factor of c and 3283?
49
Suppose -2*o - 9*f + 6*f = -9, -f + 16 = 5*o. Let j be ((-12)/8 + o)/(2/4). Suppose -j*b + 341 = -643. What is the greatest common divisor of 41 and b?
41
Let w(v) be the third derivative of v**6/120 - v**5/20 - 2*v**4/3 + 5*v**3/3 + 43*v**2. Let g be w(6). What is the highest common divisor of 4 and g?
2
Suppose 17 = -w + 2*w - 5*f, 3*f + 15 = 3*w. Let a = -386 - -522. Let j = -133 + a. What is the greatest common divisor of j and w?
1
Let h = 64 - 23. Let v = -409 + 417. Let j(f) = 3*f**2 - 15*f + 51. Let p be j(v). Calculate the greatest common factor of h and p.
41
Suppose -2*b + 404 = 124. Let w = -70 + b. Let l be ((-12)/27*-3)/(2*(-15)/(-225)). Calculate the highest common factor of l and w.
10
Let l be (12 - (-9)/3) + (-6)/2. Let p(z) = z**3 - 13*z**2 + 14*z - 17. Let v be p(l). Suppose 193 = v*s - 17. What is the highest common divisor of s and 75?
15
Let y = 8036 + -8034. What is the greatest common divisor of 242 and y?
2
Let n be 8330/357*(-3 + 0 - 78/(-4)). Calculate the greatest common divisor of n and 1435.
35
Let n(j) = 2*j**2 - 2*j. Let t be n(-3). Let k(f) = -14*f - 18. Let y be (56/(-10))/2 + (-3)/15. Let x be k(y). What is the greatest common factor of x and t?
24
Let a = 750 - 192. Let x(j) = 8*j**2 - 3*j - 1. Let w be x(3). What is the greatest common divisor of w and a?
62
Suppose 5*x - 15 = 0, -6*v + 2973 = 5*x - 10*x. What is the highest common divisor of v and 24?
6
Suppo